ctors of 61274463.
3, 1453, 14057
What are the prime factors of 233090133?
3, 103, 754337
List the prime factors of 46931901.
3, 197, 79411
List the prime factors of 37051234.
2, 11, 89, 127, 149
List the prime factors of 131534571.
3, 7, 894793
List the prime factors of 56747771.
107, 530353
List the prime factors of 18275524.
2, 23, 198647
What are the prime factors of 56191952?
2, 353, 9949
What are the prime factors of 66389764?
2, 7, 43, 67, 823
List the prime factors of 239121926.
2, 59, 2026457
What are the prime factors of 62396817?
3, 7, 17, 19, 9199
What are the prime factors of 3747326410?
2, 5, 191, 239, 8209
What are the prime factors of 1071417413?
11, 307, 317269
List the prime factors of 1170895215.
3, 5, 7, 11151383
What are the prime factors of 3577613145?
3, 5, 238507543
What are the prime factors of 26531385?
3, 5, 1768759
What are the prime factors of 71690591?
7, 19, 41, 13147
List the prime factors of 196595742.
2, 3, 7, 43, 15551
List the prime factors of 656365037.
656365037
List the prime factors of 25679273.
127, 241, 839
What are the prime factors of 2113297028?
2, 5107, 103451
List the prime factors of 676170575.
5, 19, 227, 6271
List the prime factors of 907732932.
2, 3, 2203, 34337
List the prime factors of 43658818.
2, 7, 73, 42719
List the prime factors of 11214179.
23, 61, 7993
What are the prime factors of 4194381014?
2, 2097190507
What are the prime factors of 206971129?
1237, 167317
What are the prime factors of 212439367?
7, 163, 186187
List the prime factors of 76726600.
2, 5, 383633
List the prime factors of 30739334.
2, 127, 121021
What are the prime factors of 86651986?
2, 43325993
What are the prime factors of 33277282?
2, 37, 449693
List the prime factors of 91000044.
2, 3, 19, 61, 727
What are the prime factors of 96776656?
2, 6048541
What are the prime factors of 61058205?
3, 5, 13, 11597
What are the prime factors of 3413260577?
2243, 1521739
List the prime factors of 53118738.
2, 3, 2951041
What are the prime factors of 181649367?
3, 19, 31, 34267
List the prime factors of 1400371320.
2, 3, 5, 11669761
List the prime factors of 933923218.
2, 466961609
List the prime factors of 894591154.
2, 89, 1429, 3517
List the prime factors of 128860673.
311, 367, 1129
List the prime factors of 111579074.
2, 751, 74287
List the prime factors of 33147944.
2, 4143493
List the prime factors of 1671365.
5, 31, 41, 263
List the prime factors of 664174643.
11, 60379513
What are the prime factors of 16509793?
59, 461, 607
What are the prime factors of 2215330482?
2, 3, 79, 4673693
List the prime factors of 378395831.
11, 34399621
What are the prime factors of 2795576977?
163, 17150779
What are the prime factors of 4665205?
5, 23, 113, 359
List the prime factors of 282344932.
2, 353, 199961
What are the prime factors of 36007377?
3, 7, 17, 349
List the prime factors of 459998276.
2, 114999569
What are the prime factors of 85940215?
5, 31, 554453
List the prime factors of 4140243425.
5, 5209, 31793
List the prime factors of 3541915456.
2, 17, 3255437
List the prime factors of 1218308566.
2, 609154283
List the prime factors of 144394633.
144394633
List the prime factors of 1006617488.
2, 62913593
What are the prime factors of 20944752?
2, 3, 53, 8233
What are the prime factors of 7180161049?
743, 9663743
What are the prime factors of 170934904?
2, 7, 41, 74449
What are the prime factors of 371833057?
2063, 180239
What are the prime factors of 214977024?
2, 3, 15551
List the prime factors of 3754287043.
13, 43, 6716077
What are the prime factors of 3503052?
2, 3, 7, 13901
List the prime factors of 551876629.
89, 6200861
What are the prime factors of 4096829735?
5, 819365947
What are the prime factors of 1796046070?
2, 5, 7, 13, 31, 63667
List the prime factors of 12656328.
2, 3, 527347
List the prime factors of 78769744.
2, 19, 37, 47, 149
List the prime factors of 91087182.
2, 3, 131, 38629
What are the prime factors of 393048692?
2, 98262173
What are the prime factors of 444382708?
2, 7, 11, 389, 3709
What are the prime factors of 241886608?
2, 17, 889289
What are the prime factors of 423126048?
2, 3, 19, 229, 1013
List the prime factors of 3392824113.
3, 7, 17, 37, 85619
List the prime factors of 247019682.
2, 3, 7, 13, 1319
List the prime factors of 24489567.
3, 907021
List the prime factors of 57676963.
523, 110281
List the prime factors of 3826373895.
3, 5, 85030531
List the prime factors of 756853413.
3, 17, 61, 211, 1153
List the prime factors of 62413836.
2, 3, 109, 47717
What are the prime factors of 1152851417?
269, 4285693
What are the prime factors of 2574477325?
5, 7, 127, 115837
What are the prime factors of 1199078774?
2, 139, 239, 18047
What are the prime factors of 561510361?
561510361
List the prime factors of 5298521721.
3, 1766173907
List the prime factors of 7035008002.
2, 11, 31, 937751
What are the prime factors of 317477665?
5, 31, 2048243
What are the prime factors of 135637478?
2, 67818739
What are the prime factors of 159145154?
2, 7, 1259, 9029
List the prime factors of 364843954.
2, 29, 6290413
What are the prime factors of 53092488?
2, 3, 2212187
List the prime factors of 18304258.
2, 7, 19, 68813
List the prime factors of 153142192.
2, 7, 1367341
What are the prime factors of 159054157?
37, 47, 91463
What are the prime factors of 1085324385?
3, 5, 72354959
List the prime factors of 94406313.
3, 41, 59, 13009
List the prime factors of 1053359560.
2, 5, 11, 1361, 1759
What are the prime factors of 105087480?
2, 3, 5, 19, 46091
List the prime factors of 489105605.
5, 41, 2385881
List the prime factors of 121049560.
2, 5, 743, 4073
What are the prime factors of 37283784?
2, 3, 47, 33053
List the prime factors of 162289497.
3, 17, 3182147
What are the prime factors of 39785403?
3, 7, 89, 3041
What are the prime factors of 488187093?
3, 162729031
What are the prime factors of 3745415025?
3, 5, 11, 43, 11731
What are the prime factors of 254596860?
2, 3, 5, 7, 202061
What are the prime factors of 1798692670?
2, 5, 89, 2021003
What are the prime factors of 149892387?
3, 19, 29, 90679
What are the prime factors of 822817127?
11, 59, 1267823
What are the prime factors of 10002247?
37, 83, 3257
List the prime factors of 31275502.
2, 15637751
What are the prime factors of 42499674?
2, 3, 7, 29, 3877
List the prime factors of 24545325.
3, 5, 7, 6679
What are the prime factors of 150205009?
150205009
List the prime factors of 24813345.
3, 5, 1654223
What are the prime factors of 21982199?
89, 367, 673
What are the prime factors of 597211341?
3, 199070447
List the prime factors of 1943847716.
2, 53, 61, 83, 1811
List the prime factors of 4005680343.
3, 7, 71, 2686573
What are the prime factors of 104236602?
2, 3, 17372767
What are the prime factors of 396104616?
2, 3, 53, 103801
List the prime factors of 42772405.
5, 13, 31, 21227
What are the prime factors of 5659983038?
2, 31, 167, 661, 827
List the prime factors of 1221241092.
2, 3, 37, 79, 941
List the prime factors of 5568523654.
2, 173, 16093999
List the prime factors of 24303022.
2, 12151511
List the prime factors of 304765967.
11, 2518727
List the prime factors of 107830993.
107830993
List the prime factors of 36747209.
151, 163, 1493
List the prime factors of 108118190.
2, 5, 109, 99191
What are the prime factors of 554350993?
7, 113, 173, 4051
List the prime factors of 786449043.
3, 87383227
What are the prime factors of 981555656?
2, 17, 19, 379859
List the prime factors of 146871991.
7, 167, 125639
What are the prime factors of 1356842932?
2, 339210733
List the prime factors of 295696069.
19, 1823, 8537
List the prime factors of 3046575531.
3, 1609, 631153
List the prime factors of 92980537.
13, 7152349
What are the prime factors of 452844587?
13, 233, 149503
List the prime factors of 146254826.
2, 263, 278051
List the prime factors of 1849728170.
2, 5, 29, 1279, 4987
What are the prime factors of 136926815?
5, 139, 271, 727
What are the prime factors of 573950926?
2, 31, 9257273
List the prime factors of 2746770470.
2, 5, 773, 355339
What are the prime factors of 225523966?
2, 461, 244603
List the prime factors of 232303253.
7, 13, 19, 29, 41, 113
List the prime factors of 171586672.
2, 1831, 5857
List the prime factors of 1150409069.
